ermine a(h).
8
Let x(w) = -w**3 - 5*w**2 + 2*w + 6. Let a(u) = u**3 + 9*u**2 - 4*u - 10. Let c be a(-9). Suppose c*l - 45 = 35*l. Give x(l).
-4
Let z(r) = 149*r**2 + 3*r + 12. Let f(w) = -169*w**2 - 5*w - 13. Let h(x) = -5*f(x) - 6*z(x). Calculate h(1).
-49
Let b(x) = x**3 + x - 6. Suppose -2*g - 24 = 17*g + 33. Give b(g).
-36
Let d(x) = -3*x - 3*x - 2 + 3*x + 0. Let f(b) = -b**2 + 4*b + 6. Let g be f(5). Let s be ((1/g*5)/1)/(-1). Give d(s).
13
Let z(y) = 2 + 2 + 30*y**2 + 65*y - y**3 - 8 - y. Let d be z(32). Let i(c) = -c**3 - 4*c**2 + 2*c. What is i(d)?
-8
Let k(v) = -v**3 + 11*v**2 + 14*v - 36. Suppose -4*q + 21*g = 25*g - 56, 5*q = -4*g + 68. What is k(q)?
-12
Suppose -60 = -4*r - 28. Let z(f) = f - 22*f**2 + r*f**2 - 7 + f**3 + f + 7*f**2. Determine z(7).
7
Let f(o) = -2*o**2 + o - 6. Let a(z) = z**2 - z + 5. Suppose 4*m - 4 - 8 = 0. Let q(v) = m*a(v) + 2*f(v). Suppose 69*b - 60 = 81*b. Calculate q(b).
-17
Let c(g) = g**3 + 2*g**2 + 2*g - 2. Let x = -33 - -68. Suppose -x*d + 29*d = 1200. Let r be ((-6)/4)/((-10)/(d/15)). What is c(r)?
-6
Let z(i) = 936*i - 2809*i + 940*i + 934*i. Determine z(-2).
-2
Suppose 44 = 5*f - 6. Suppose i - f = -17. Let x(r) be the first derivative of r**2 - r + 4. Give x(i).
-15
Let j(h) = h**3 + 13*h**2 + 24*h + 32. Let i(l) = -l**3 - 14*l**2 - 23*l - 28. Let q(m) = 6*i(m) + 5*j(m). What is q(-18)?
-8
Suppose 41*b + 90 = 71*b. Let u(s) = 3*s**3 - 5*s**2 + s + 4. Calculate u(b).
43
Let y be 6*1/(-6) - -6. Let q = -12 + 20. Let v(f) = -5 + q - f + 0*f + 7. Determine v(y).
5
Let g(k) = -k**3 + 5 + 414*k + 10*k**2 - 227*k - 202*k - 9. Let m be (0 - -2)/((-5)/(-20)). Determine g(m).
4
Let q(k) = k**2 - 5*k + 9. Let z(j) = -4*j + 56. Let g be z(13). Suppose 11*l - 42 = g*l. Calculate q(l).
15
Let x(y) be the second derivative of 0 + 4/3*y**3 - 5/12*y**4 + 3*y**2 - 1/20*y**5 - 16*y. What is x(-6)?
-6
Let s(a) = 2*a**3 + 2*a**2 - 3*a + 1. Let h = -12942 + 12943. Determine s(h).
2
Let i(q) be the second derivative of 0 - 1/6*q**3 - 64*q + 1/2*q**2. Give i(-9).
10
Let b = 22482 + -22487. Let v(w) = 5*w**3 + 26*w**2 + w - 3. Give v(b).
17
Let k(u) = 2*u + 1. Let q(p) = -3*p - 23. Let c(a) = k(a) + q(a). Determine c(-18).
-4
Let r(j) = -4*j + 28. Let y be r(6). Suppose 0*o = o - 7. Let x(q) = o*q**2 - 2*q**2 - y*q**2 - q + 1. Calculate x(2).
3
Let i(d) = d**3 + 9*d**2 - 11*d - 12. Suppose -2*n + 720 = 8*n. Let f = 118 - n. Suppose f*z - 30 = 49*z. Determine i(z).
-2
Let v(g) = -1. Let d(l) be the first derivative of 11*l + 1/3*l**3 + 4*l**2 + 15. Let w(k) = -d(k) - 3*v(k). Determine w(-7).
-1
Let s = 24 - 20. Let m be (s/2 - 4) + 7. Let x(c) = -2*c + 68 + 78 - 147. Give x(m).
-11
Let x(i) = i + 9. Suppose -5*n - 3*w - 2*w = 10, -3*n - w = 0. Let z be -3*(-28)/(-21)*n. Determine x(z).
5
Let n(w) = 10*w**3 + 84*w**2 - 77*w + 65. Let z(y) = 9*y**3 + 80*y**2 - 77*y + 64. Let v(i) = 10*n(i) - 11*z(i). Calculate v(38).
-16
Let a(z) = z**2 - 10*z + 14. Let w = 1910 + -1906. Determine a(w).
-10
Suppose 5*c = -4*c - 2646. Let t = c - -282. Let v(l) = -l - 15. Calculate v(t).
-3
Let l(t) = -t**3 + t**2 + 14*t + 20. Suppose 46*p - 44*p = -k - 2, 2*p = 5*k + 10. Determine l(k).
4
Let t be 1 + (2 + -4)*-1. Suppose 0 = 4*g + 3*w - 9, 0 = -2*g + w - 0 - t. Let q(d) = -2 - 64*d + 7 + 30*d + 33*d + 13. Determine q(g).
18
Let m = 144 + -138. Let n(k) = -k**2 - 11*k. Let d(t) = -t**2 - 11*t + 1. Suppose 0 = -5*g - 10, -3*s = 3*g + 27 - 0. Let v(p) = m*d(p) + s*n(p). What is v(-8)?
-18
Let g(j) = 2*j**3 - 10*j**2 + 2*j. Let v(r) = 5*r**3 - 10*r**2 - 11*r + 22. Let a(b) = 2*g(b) - v(b). Give a(-11).
-66
Suppose 4*f + 2*u + u = -33, 3*f - 5*u = -3. Let j = 4 - f. Let q(p) = 23*p + 1. Let k(c) = 77*c + 1. Let x(z) = 3*k(z) - 10*q(z). What is x(j)?
3
Let u(p) = -p**3 - 9*p**2 - 12*p + 5. Suppose 43 = 5*a + 2*g + 88, 4*a = -5*g - 53. Give u(a).
-9
Let l(b) = -17*b - 22. Let o(v) = -26*v - 32. Let f(t) = 8*l(t) - 5*o(t). Calculate f(-11).
50
Let v(q) = 17*q**2 + q + 2. Let r(w) = 36*w**2 + 31*w + 43. Let p(b) = r(b) - 2*v(b). What is p(-12)?
-21
Let w(i) = -2*i**3 - 2*i**2 + i. Suppose -26*m - 53*m - 37 = -116. Give w(m).
-3
Let r(u) = -u**3 - 21*u**2 - u - 19. Let q be (1*-1)/(29/(582 + 27)). Determine r(q).
2
Suppose -15 = -18*u + 39. Suppose -4*q - u*h = -2 - 15, 6 = 2*h. Let k(p) = 27*p - 16*p - 15*p + 2. Give k(q).
-6
Let b(p) = -35*p - 39*p + 16 - 20*p + 4*p + 11. Let z(v) = -13*v + 4. Let c(x) = 4*b(x) - 27*z(x). Calculate c(4).
-36
Let z(s) = -12*s**2 - s**3 + 11*s + 33 + 9*s - 20 - 15 + 8*s. Calculate z(-14).
-2
Suppose 4 = -0*w + w. Let i(v) = -19*v - 392. Let q(n) = 5*n + 102. Let m(s) = -6*i(s) - 23*q(s). Calculate m(w).
2
Suppose 21 = f - 98. Let h = f - 114. Suppose 9*v = -h - 13. Let z(k) = -k - 2. What is z(v)?
0
Let p(t) = -362*t + 185*t + 182*t - 68. Let x be 21/(-5)*60/(-18). Let s be p(x). Let y(o) = 11*o - 3. What is y(s)?
19
Let w(x) = -7*x**3 + 3*x**2 - x - 1. Let b be w(1). Let y be 3*(-4)/b*620/(-124). Let d(o) = o**3 + 11*o**2 + 13*o + 12. Determine d(y).
-18
Let j = 66 + -69. Let f be (-4 + 4)/(1 + -2 - j). Let x(y) = -24 + f*y + y + 26 + 0*y. Give x(-9).
-7
Suppose 3*o - 22 = -7. Suppose -4*i - 3*v - 3 = 6, 2*i = -v - o. Let w(x) = -5*x - 3. Determine w(i).
12
Let p be -2 - -13 - (-140)/(-70). Let t(a) be the first derivative of a**3/3 - 9*a**2/2 - 8*a + 18. Give t(p).
-8
Suppose -3*y = 17 + 1. Let o(f) = 4*f - 181. Let j(t) = -2*t + 98. Let i(l) = -13*j(l) - 7*o(l). Determine i(y).
5
Let g(x) = -5*x**2 + 21*x + 26. Let p(n) = 5*n**2 - 24*n - 31. Let k(q) = 6*g(q) + 5*p(q). What is k(-4)?
-103
Let c(m) = -2*m**2 - 94*m - 97. Let l = 9753 + -9799. What is c(l)?
-5
Let y be (-4)/(-1)*(-4 + 5). Let z(r) = 499*r + 490*r - y - 986*r. Let g(a) = -a. Let q(c) = -6*g(c) - z(c). Calculate q(-4).
-8
Suppose 1968 - 7232 = -329*l. Let k(r) = r**2 + 11*r - 427. Calculate k(l).
5
Let j(h) be the first derivative of -h**4/4 - 7*h**3 - 39*h**2/2 - 27*h - 318. What is j(-19)?
-8
Let m(i) = 3*i**3 - 108*i**2 + 75*i + 1049. Let b be m(35). Let c(y) be the third derivative of -3*y**5/10 - y**4/24 - y**3/6 + y**2. Give c(b).
-18
Let o(w) = 4*w - 35. Let k = 494 + -470. Suppose 3*u + 4*h = 43, -4*u = -8*u + 3*h + k. Determine o(u).
1
Let v(w) be the third derivative of -10*w**2 + 0*w + 0 - 5/24*w**4 + 1/60*w**5 - 7/6*w**3. Let y = -8 + 13. Give v(y).
-7
Let b(d) = d**3 - 2*d**2 - 2*d + 3. Let l = 311 - 310. Suppose s - l = r, 2*r + 18*s - 18 = 15*s. Calculate b(r).
6
Let f be 1/(2/6) + -17. Let i(k) be the first derivative of -k**4/4 - 11*k**3/3 + 21*k**2 + 3*k - 340. Let r be i(f). Let z(q) = q**2 - q - 2. Determine z(r).
4
Let g(f) be the second derivative of 2*f**3 + 7*f**2 + 328*f - 1. Give g(-10).
-106
Let f = -28586 + 28594. Let a(i) = 3*i**2 + 3*i - 8. Let j(c) = -4*c**2 - 2*c + 7. Let o(y) = -5*a(y) - 4*j(y). Calculate o(f).
20
Let f = 5 - 2. Let q be 0 + -2 + 10/5*2. Let x(p) = 5*p**2 + p - 20. Let z(j) = j**2 - 4. Let g(a) = q*x(a) - 11*z(a). Calculate g(f).
1
Let z(n) = n**3 - 13*n**2 - 47*n - 18. Let t be z(16). Let g(c) be the second derivative of c**5/20 + c**4/6 - c**3/2 - 3*c**2/2 - 2*c. Determine g(t).
3
Let g(a) = -4*a**2 + 4*a - 2. Let i(n) = -10*n**2 + 16*n - 7. Let m(j) = -4*g(j) + i(j). Give m(-4).
97
Let r(b) be the third derivative of -33*b**2 + 7/24*b**4 + 0*b - 1/6*b**3 - 2/15*b**5 + 0 + 1/120*b**6. Determine r(7).
-1
Let i(b) = 5*b**3 - 284*b**2 - 61*b + 236. Let d be i(57). Let z(u) = -u**2 - 16*u + 177. Give z(d).
-15
Let x(f) = -f**3 + 4*f**2 - 3. Let y(h) = h**3 + 4*h**2 + 2*h. Let v = 174 + -177. Let u be y(v). Calculate x(u).
6
Let k(u) = 1. Let s(d) = -d**2 - 8*d. Suppose 933*a = 931*a + 2. Let f(r) = a*s(r) + 6*k(r). Give f(-8).
6
Let d(m) = -6*m + 3. Suppose 2*p - 490 = -5*p. Let o = 62 - p. Let r be (-3)/(-2)*o/(-4) - 1. What is d(r)?
-9
Let b(u) = -2*u**2 + u. Let r(n) = 2*n**2. Let z(x) = -3*b(x) - 4*r(x). Suppose 5*o = 3*k - 107, -5*o + 3*o = -k + 35. Let y = k + -42. Give z(y).
-9
Let i(d) = 2*d + 4. Let l(g) = 19*g - 193. Let k(w) = 2*i(w) + l(w). Let c be k(8). Let m(u) = -4*u**2 - 2*u - 2. Determine m(c).
-4
Let p(b) = -b**2 + 3*b + 2. Let j be p(4). Let o(c) = c**2 - 5*c - 1. Let u be o(10). Let i(m) = 91 - m**2 - u - 44. What is i(j)?
-6
Let s(w) be the first derivative of 98 - 1/3*w**3 - 3*